te the remainder when 513720 is divided by 4841.
574
What is the remainder when 36145 is divided by 431?
372
What is the remainder when 91756 is divided by 3169?
3024
Calculate the remainder when 1351199 is divided by 270075.
824
What is the remainder when 27753 is divided by 27435?
318
What is the remainder when 2077223 is divided by 2077219?
4
Calculate the remainder when 97713676 is divided by 71.
68
Calculate the remainder when 102797 is divided by 33453.
2438
What is the remainder when 15018530 is divided by 83?
12
Calculate the remainder when 873318 is divided by 174639.
123
Calculate the remainder when 644536 is divided by 161132.
8
What is the remainder when 145485 is divided by 2466?
2457
What is the remainder when 39308 is divided by 67?
46
What is the remainder when 61898240 is divided by 1008?
992
What is the remainder when 452787 is divided by 129?
126
Calculate the remainder when 146061 is divided by 7288.
301
What is the remainder when 207356 is divided by 13815?
131
Calculate the remainder when 1334037 is divided by 495.
12
What is the remainder when 8713697 is divided by 2328?
2321
What is the remainder when 1841584 is divided by 63?
31
What is the remainder when 53268740 is divided by 18?
8
What is the remainder when 12654255 is divided by 12654231?
24
What is the remainder when 4279346 is divided by 914?
912
Calculate the remainder when 17297645 is divided by 1265.
35
Calculate the remainder when 20557533 is divided by 5139378.
21
Calculate the remainder when 1128727 is divided by 1128720.
7
What is the remainder when 74759 is divided by 14377?
2874
What is the remainder when 7916625 is divided by 142?
125
Calculate the remainder when 7395488 is divided by 19774.
12
What is the remainder when 194064 is divided by 3403?
93
Calculate the remainder when 209858 is divided by 4576.
3938
Calculate the remainder when 12220616 is divided by 1745799.
23
What is the remainder when 307013 is divided by 102151?
560
Calculate the remainder when 32887879 is divided by 5481311.
13
What is the remainder when 10318408 is divided by 113389?
9
Calculate the remainder when 1526312 is divided by 4892.
8
What is the remainder when 21978855 is divided by 2197883?
25
Calculate the remainder when 2642621 is divided by 546.
527
What is the remainder when 79820 is divided by 1665?
1565
Calculate the remainder when 6325435 is divided by 440.
435
What is the remainder when 965255 is divided by 111?
110
Calculate the remainder when 910368 is divided by 19.
2
What is the remainder when 831345 is divided by 63?
60
What is the remainder when 5268911 is divided by 11504?
79
Calculate the remainder when 112674 is divided by 731.
100
Calculate the remainder when 407121 is divided by 251.
250
Calculate the remainder when 240507 is divided by 391.
42
What is the remainder when 201646613 is divided by 1450695?
8
Calculate the remainder when 185824 is divided by 4645.
24
Calculate the remainder when 83032 is divided by 301.
257
What is the remainder when 2139552 is divided by 956?
24
Calculate the remainder when 2166265 is divided by 2166211.
54
Calculate the remainder when 681978 is divided by 220.
198
What is the remainder when 6682303 is divided by 2227434?
1
What is the remainder when 12735170 is divided by 363862?
0
What is the remainder when 403880 is divided by 201706?
468
Calculate the remainder when 33259022 is divided by 214.
212
Calculate the remainder when 2181841 is divided by 136359.
97
What is the remainder when 41025904 is divided by 3275?
3254
Calculate the remainder when 242164 is divided by 80675.
139
Calculate the remainder when 7620953 is divided by 1316.
1313
Calculate the remainder when 9093 is divided by 6195.
2898
Calculate the remainder when 1311939 is divided by 292.
275
What is the remainder when 8226779 is divided by 2188?
2087
What is the remainder when 632487 is divided by 63247?
17
Calculate the remainder when 5131414 is divided by 31481.
11
What is the remainder when 11899 is divided by 11472?
427
Calculate the remainder when 16874923 is divided by 4135.
4123
What is the remainder when 15187510 is divided by 49795?
35
What is the remainder when 2991061 is divided by 4031?
59
What is the remainder when 902032 is divided by 90193?
102
What is the remainder when 41247048 is divided by 18?
12
Calculate the remainder when 5545 is divided by 483.
232
Calculate the remainder when 4434 is divided by 2194.
46
What is the remainder when 4281667 is divided by 4281663?
4
Calculate the remainder when 1350629 is divided by 48.
5
Calculate the remainder when 334423 is divided by 2857.
154
Calculate the remainder when 1528759 is divided by 8995.
8604
Calculate the remainder when 60755 is divided by 12141.
50
Calculate the remainder when 165606 is divided by 1502.
386
Calculate the remainder when 1484693 is divided by 20062.
105
What is the remainder when 379270 is divided by 630?
10
Calculate the remainder when 39681266 is divided by 6.
2
What is the remainder when 88492 is divided by 44214?
64
Calculate the remainder when 4728 is divided by 22.
20
What is the remainder when 29141497 is divided by 91929?
4
What is the remainder when 6996229 is divided by 984?
973
What is the remainder when 34283 is divided by 6812?
223
What is the remainder when 2220055 is divided by 554955?
235
Calculate the remainder when 27250920 is divided by 5.
0
What is the remainder when 2394499 is divided by 65?
29
What is the remainder when 2320393 is divided by 129?
70
Calculate the remainder when 3965744 is divided by 305057.
3
Calculate the remainder when 142742600 is divided by 14026.
14024
Calculate the remainder when 275820 is divided by 6215.
2360
Calculate the remainder when 52028566 is divided by 217.
212
What is the remainder when 131512708 is divided by 384?
4
Calculate the remainder when 15796577 is divided by 90.
47
What is the remainder when 237986 is divided by 2594?
1932
Calculate the remainder when 318359 is divided by 1061.
59
Calculate the remainder when 1052782 is divided by 65754.
718
What is the remainder when 22164260 is divided by 5541048?
68
Calculate the remainder when 7795787 is divided by 519719.
2
What is the remainder when 4148041 is divided by 2915?
2911
What is the remainder when 7015913 is divided by 680?
353
Calculate the remainder when 50560208 is divided by 2944.
2896
What is the remainder when 722065 is divided by 1347?
73
What is the remainder when 10986 is divided by 1243?
1042
What is the remainder when 107633 is divided by 375?
8
Calculate the remainder when 2235399 is divided by 2235365.
34
What is the remainder when 6394024 is divided by 722?
714
Calculate the remainder when 486556 is divided by 462.
70
Calculate the remainder when 2694466 is divided by 94.
50
Calculate the remainder when 8715553 is divided by 364.
301
What is the remainder when 12865920 is divided by 879?
876
What is the remainder when 60941423 is divided by 20313807?
2
What is the remainder when 371382 is divided by 65?
37
Calculate the remainder when 11161519 is divided by 116.
115
Calculate the remainder when 33940617 is divided by 41.
38
What is the remainder when 110409 is divided by 107845?
2564
What is the remainder when 3108599320 is divided by 932?
928
Calculate the remainder when 216182 is divided by 3810.
2822
What is the remainder when 8712447 is divided by 19?
16
Calculate the remainder when 959280 is divided by 495.
465
Calculate the remainder when 910368 is divided by 8818.
2114
Calculate the remainder when 1403644 is divided by 117.
112
Calculate the remainder when 4440966 is divided by 261216.
294
Calculate the remainder when 395868 is divided by 7449.
1071
Calculate the remainder when 161312 is divided by 38541.
7148
Calculate the remainder when 298100678 is divided by 14.
8
What is the remainder when 16115109 is divided by 646?
639
Calculate the remainder when 1777985 is divided by 1916.
1853
Calculate the remainder when 31174988 is divided by 770.
768
Calculate the remainder when 1058844 is divided by 15803.
43
What is the remainder when 384407 is divided by 3025?
232
What is the remainder when 86456 is divided by 17273?
91
Calculate the remainder when 1801969 is divided by 423.
412
What is the remainder when 20404904 is divided by 411?
